{"id":4687,"date":"2024-09-27T19:15:48","date_gmt":"2024-09-28T00:15:48","guid":{"rendered":"https:\/\/libline.quimint.com\/?page_id=4687"},"modified":"2024-11-02T15:24:46","modified_gmt":"2024-11-02T20:24:46","slug":"categoria-literatura","status":"publish","type":"page","link":"https:\/\/libline.quimint.com\/index.php\/categoria-literatura\/","title":{"rendered":"Categor\u00eda Literatura"},"content":{"rendered":"\t\t<div data-elementor-type=\"wp-page\" data-elementor-id=\"4687\" class=\"elementor elementor-4687\">\n\t\t\t\t\t\t<section class=\"elementor-section elementor-top-section elementor-element elementor-element-eabd647 elementor-section-full_width elementor-section-height-default elementor-section-height-default\" data-id=\"eabd647\" data-element_type=\"section\" data-settings=\"{&quot;background_background&quot;:&quot;classic&quot;}\">\n\t\t\t\t\t\t<div class=\"elementor-container elementor-column-gap-no\">\n\t\t\t\t\t<div class=\"elementor-column elementor-col-100 elementor-top-column elementor-element elementor-element-612b8d8\" data-id=\"612b8d8\" data-element_type=\"column\">\n\t\t\t<div class=\"elementor-widget-wrap elementor-element-populated\">\n\t\t\t\t\r\n<!--======== \/ Gallery Section ========-->\t\t<div class=\"elementor-element elementor-element-859f421 elementor-widget elementor-widget-kundaxclasseswidget\" data-id=\"859f421\" data-element_type=\"widget\" data-widget_type=\"kundaxclasseswidget.default\">\n\t\t\t\t<div class=\"elementor-widget-container\">\n\t\t\t<!-----------------------Start Class Area-----------------------><div class=\"classes-section space arrow-wrap\"><div class=\"container\"><div class=\"row vs-carousel\"><!-- Single Class --><div class=\"col-lg-4 col-md-6\" data-wow-delay=\"0.2s\"><div class=\"class-card\"><div class=\"class-img\"><a href=\"https:\/\/libline.quimint.com\/index.php\/event\/educacion-basica-castellano\/\"><img decoding=\"async\" src=\"https:\/\/libline.quimint.com\/wp-content\/uploads\/2024\/09\/Castellano.png\" alt=\"Libline\"><\/a><span class=\"class-fee\">4<\/span><\/div><div class=\"class-content\"><h2 class=\"class-title h4\"><a href=\"https:\/\/libline.quimint.com\/index.php\/event\/educacion-basica-castellano\/\">Castellano<\/a><\/h2><p class=\"class-text\">\u00a1Explora el idioma espa\u00f1ol y mejora tus habilidades ling\u00fc\u00edsticas!<\/p><ul class=\"class-info\"><li><p>Time:<\/p><span>3 D\u00edas<\/span><\/li><li><p>Capacity:<\/p><span>1<\/span><\/li><\/ul><\/div><\/div><\/div><!-- Single Class --><!-- Single Class --><div class=\"col-lg-4 col-md-6\" data-wow-delay=\"0.4s\"><div class=\"class-card\"><div class=\"class-img\"><a href=\"https:\/\/libline.quimint.com\/index.php\/event\/competencias-castellano-1\/\"><img decoding=\"async\" src=\"https:\/\/libline.quimint.com\/wp-content\/uploads\/2024\/09\/Competecias-castellano-1.png\" alt=\"Libline\"><\/a><span class=\"class-fee\">2<\/span><\/div><div class=\"class-content\"><h2 class=\"class-title h4\"><a href=\"https:\/\/libline.quimint.com\/index.php\/event\/competencias-castellano-1\/\">Competencias Castellano 1<\/a><\/h2><p class=\"class-text\">\u00a1Descubre el poder de la lengua y mejora tus habilidades en castellano!<\/p><ul class=\"class-info\"><li><p>Time:<\/p><span>3 D\u00edas<\/span><\/li><li><p>Capacity:<\/p><span>1<\/span><\/li><\/ul><\/div><\/div><\/div><!-- Single Class --><!-- Single Class --><div class=\"col-lg-4 col-md-6\" data-wow-delay=\"0.6s\"><div class=\"class-card\"><div class=\"class-img\"><a href=\"https:\/\/libline.quimint.com\/index.php\/event\/contextos-del-lenguaje-7\/\"><img decoding=\"async\" src=\"https:\/\/libline.quimint.com\/wp-content\/uploads\/2024\/09\/Contextos-del-lenguaje-7.png\" alt=\"Libline\"><\/a><span class=\"class-fee\">1<\/span><\/div><div class=\"class-content\"><h2 class=\"class-title h4\"><a href=\"https:\/\/libline.quimint.com\/index.php\/event\/contextos-del-lenguaje-7\/\">Contextos del Lenguaje 7<\/a><\/h2><p class=\"class-text\">\u00a1Explora el poder de las palabras en m\u00faltiples contextos!<\/p><ul class=\"class-info\"><li><p>Time:<\/p><span>3 D\u00edas<\/span><\/li><li><p>Capacity:<\/p><span>1<\/span><\/li><\/ul><\/div><\/div><\/div><!-- Single Class --><\/div><\/div><div class=\"shape-mockup shapePulse d-none d-xl-block\" data-top=\"15%\" data-left=\"7%\"><img decoding=\"async\" src=\"https:\/\/wordpress.vecurosoft.com\/knirpse\/wp-content\/uploads\/2022\/01\/dog.png\" alt=\"Libline\"><\/div><div class=\"shape-mockup rotate d-none d-hd-block\" data-bottom=\"17%\" data-left=\"7%\"><img decoding=\"async\" src=\"https:\/\/wordpress.vecurosoft.com\/knirpse\/wp-content\/uploads\/2022\/01\/curve-line.png\" alt=\"Libline\"><\/div><div class=\"shape-mockup rotate z-index-negative\" data-top=\"32%\" data-right=\"9%\"><img decoding=\"async\" src=\"https:\/\/wordpress.vecurosoft.com\/knirpse\/wp-content\/uploads\/2022\/01\/star-3.png\" alt=\"Libline\"><\/div><div class=\"shape-mockup shapePulse d-none d-hd-block\" data-bottom=\"16%\" data-right=\"9%\"><img decoding=\"async\" src=\"https:\/\/wordpress.vecurosoft.com\/knirpse\/wp-content\/uploads\/2022\/01\/triangle.png\" alt=\"Libline\"><\/div><\/div><!-----------------------End Class Area----------------------->\t\t<\/div>\n\t\t\t\t<\/div>\n\t\t\t\t\t<\/div>\n\t\t<\/div>\n\t\t\t\t\t<\/div>\n\t\t<\/section>\n\t\t\t\t<section class=\"elementor-section elementor-top-section elementor-element elementor-element-3fdd1af elementor-section-full_width elementor-section-height-default elementor-section-height-default\" data-id=\"3fdd1af\" data-element_type=\"section\" data-settings=\"{&quot;background_background&quot;:&quot;classic&quot;}\">\n\t\t\t\t\t\t<div class=\"elementor-container elementor-column-gap-no\">\n\t\t\t\t\t<div class=\"elementor-column elementor-col-100 elementor-top-column elementor-element elementor-element-c6e59cf\" data-id=\"c6e59cf\" data-element_type=\"column\">\n\t\t\t<div class=\"elementor-widget-wrap\">\n\t\t\t\t\t\t\t<\/div>\n\t\t<\/div>\n\t\t\t\t\t<\/div>\n\t\t<\/section>\n\t\t\t\t<section class=\"elementor-section elementor-top-section elementor-element elementor-element-4b882cf elementor-section-full_width elementor-section-height-default elementor-section-height-default\" data-id=\"4b882cf\" data-element_type=\"section\" data-settings=\"{&quot;background_background&quot;:&quot;classic&quot;}\">\n\t\t\t\t\t\t<div class=\"elementor-container elementor-column-gap-no\">\n\t\t\t\t\t<div class=\"elementor-column elementor-col-100 elementor-top-column elementor-element elementor-element-4329645\" data-id=\"4329645\" data-element_type=\"column\">\n\t\t\t<div class=\"elementor-widget-wrap elementor-element-populated\">\n\t\t\t\t\t\t<div class=\"elementor-element elementor-element-0afffe0 elementor-widget elementor-widget-kundaxclasseswidget\" data-id=\"0afffe0\" data-element_type=\"widget\" data-widget_type=\"kundaxclasseswidget.default\">\n\t\t\t\t<div class=\"elementor-widget-container\">\n\t\t\t<!-----------------------Start Class Area-----------------------><div class=\"classes-section space arrow-wrap\"><div class=\"container\"><div class=\"row vs-carousel\"><!-- Single Class --><div class=\"col-lg-4 col-md-6\" data-wow-delay=\"0.2s\"><div class=\"class-card\"><div class=\"class-img\"><a href=\"https:\/\/libline.quimint.com\/index.php\/event\/habilidades-5\/\"><img decoding=\"async\" src=\"https:\/\/libline.quimint.com\/wp-content\/uploads\/2024\/09\/Habilidades-5.png\" alt=\"Libline\"><\/a><span class=\"class-fee\">3<\/span><\/div><div class=\"class-content\"><h2 class=\"class-title h4\"><a href=\"https:\/\/libline.quimint.com\/index.php\/event\/habilidades-5\/\">Habilidades 5<\/a><\/h2><p class=\"class-text\">\u00a1Desarrolla tus habilidades y potencia tu comunicaci\u00f3n!<\/p><ul class=\"class-info\"><li><p>Time:<\/p><span>3 D\u00edas<\/span><\/li><li><p>Capacity:<\/p><span>1<\/span><\/li><\/ul><\/div><\/div><\/div><!-- Single Class --><!-- Single Class --><div class=\"col-lg-4 col-md-6\" data-wow-delay=\"0.4s\"><div class=\"class-card\"><div class=\"class-img\"><a href=\"https:\/\/libline.quimint.com\/index.php\/event\/interactivo-lenguaje-3\/\"><img decoding=\"async\" src=\"https:\/\/libline.quimint.com\/wp-content\/uploads\/2024\/09\/Intereactivo-lenguaje-3.png\" alt=\"Libline\"><\/a><span class=\"class-fee\">2<\/span><\/div><div class=\"class-content\"><h2 class=\"class-title h4\"><a href=\"https:\/\/libline.quimint.com\/index.php\/event\/interactivo-lenguaje-3\/\">Interactivo Lenguaje 3<\/a><\/h2><p class=\"class-text\">\u00a1Explora el lenguaje de manera divertida y pr\u00e1ctica!<\/p><ul class=\"class-info\"><li><p>Time:<\/p><span>3 D\u00edas<\/span><\/li><li><p>Capacity:<\/p><span>1<\/span><\/li><\/ul><\/div><\/div><\/div><!-- Single Class --><!-- Single Class --><div class=\"col-lg-4 col-md-6\" data-wow-delay=\"0.6s\"><div class=\"class-card\"><div class=\"class-img\"><a href=\"https:\/\/libline.quimint.com\/index.php\/event\/lectura-la-familia-mono-5\/\"><img decoding=\"async\" src=\"https:\/\/libline.quimint.com\/wp-content\/uploads\/2024\/09\/Lectura-la-familia-mono-5.png\" alt=\"Libline\"><\/a><span class=\"class-fee\">3<\/span><\/div><div class=\"class-content\"><h2 class=\"class-title h4\"><a href=\"https:\/\/libline.quimint.com\/index.php\/event\/lectura-la-familia-mono-5\/\">Lectura: La Familia Mono 5<\/a><\/h2><p class=\"class-text\">\u00a1Acompa\u00f1a a la Familia Mono en sus travesuras en la selva!<\/p><ul class=\"class-info\"><li><p>Time:<\/p><span>3 D\u00edas<\/span><\/li><li><p>Capacity:<\/p><span>4<\/span><\/li><\/ul><\/div><\/div><\/div><!-- Single Class --><\/div><\/div><div class=\"shape-mockup shapePulse d-none d-xl-block\" data-top=\"15%\" data-left=\"7%\"><img decoding=\"async\" src=\"https:\/\/wordpress.vecurosoft.com\/knirpse\/wp-content\/uploads\/2022\/01\/dog.png\" alt=\"Libline\"><\/div><div class=\"shape-mockup rotate d-none d-hd-block\" data-bottom=\"17%\" data-left=\"7%\"><img decoding=\"async\" src=\"https:\/\/wordpress.vecurosoft.com\/knirpse\/wp-content\/uploads\/2022\/01\/curve-line.png\" alt=\"Libline\"><\/div><div class=\"shape-mockup rotate z-index-negative\" data-top=\"32%\" data-right=\"9%\"><img decoding=\"async\" src=\"https:\/\/wordpress.vecurosoft.com\/knirpse\/wp-content\/uploads\/2022\/01\/star-3.png\" alt=\"Libline\"><\/div><div class=\"shape-mockup shapePulse d-none d-hd-block\" data-bottom=\"16%\" data-right=\"9%\"><img decoding=\"async\" src=\"https:\/\/wordpress.vecurosoft.com\/knirpse\/wp-content\/uploads\/2022\/01\/triangle.png\" alt=\"Libline\"><\/div><\/div><!-----------------------End Class Area----------------------->\t\t<\/div>\n\t\t\t\t<\/div>\n\t\t\t\t<div class=\"elementor-element elementor-element-799b630 elementor-widget elementor-widget-kundaxclasseswidget\" data-id=\"799b630\" data-element_type=\"widget\" data-widget_type=\"kundaxclasseswidget.default\">\n\t\t\t\t<div class=\"elementor-widget-container\">\n\t\t\t<!-----------------------Start Class Area-----------------------><div class=\"classes-section space arrow-wrap\"><div class=\"container\"><div class=\"row vs-carousel\"><!-- Single Class --><div class=\"col-lg-4 col-md-6\" data-wow-delay=\"0.2s\"><div class=\"class-card\"><div class=\"class-img\"><a href=\"https:\/\/libline.quimint.com\/index.php\/event\/nuevo-castellano-sin-fronteras-1\/\"><img decoding=\"async\" src=\"https:\/\/libline.quimint.com\/wp-content\/uploads\/2024\/09\/Nuevo-Castellano-1.png\" alt=\"Libline\"><\/a><span class=\"class-fee\">3<\/span><\/div><div class=\"class-content\"><h2 class=\"class-title h4\"><a href=\"https:\/\/libline.quimint.com\/index.php\/event\/nuevo-castellano-sin-fronteras-1\/\">Nuevo Castellano Sin Fronteras 1<\/a><\/h2><p class=\"class-text\">\u00a1Explora el mundo del castellano y aprende sin fronteras!<\/p><ul class=\"class-info\"><li><p>Time:<\/p><span>3 D\u00edas<\/span><\/li><li><p>Capacity:<\/p><span>1<\/span><\/li><\/ul><\/div><\/div><\/div><!-- Single Class --><!-- Single Class --><div class=\"col-lg-4 col-md-6\" data-wow-delay=\"0.4s\"><div class=\"class-card\"><div class=\"class-img\"><a href=\"https:\/\/libline.quimint.com\/index.php\/event\/nuevo-lenguaje-9\/\"><img decoding=\"async\" src=\"https:\/\/libline.quimint.com\/wp-content\/uploads\/2024\/09\/Nuevo-Lenguaje-9.png\" alt=\"Libline\"><\/a><span class=\"class-fee\">4<\/span><\/div><div class=\"class-content\"><h2 class=\"class-title h4\"><a href=\"https:\/\/libline.quimint.com\/index.php\/event\/nuevo-lenguaje-9\/\">Nuevo Lenguaje 9<\/a><\/h2><p class=\"class-text\">\u00a1Descubre nuevas formas de entender y expresar el lenguaje!<\/p><ul class=\"class-info\"><li><p>Time:<\/p><span>3 D\u00edas<\/span><\/li><li><p>Capacity:<\/p><span>1<\/span><\/li><\/ul><\/div><\/div><\/div><!-- Single Class --><!-- Single Class --><div class=\"col-lg-4 col-md-6\" data-wow-delay=\"0.6s\"><div class=\"class-card\"><div class=\"class-img\"><a href=\"https:\/\/libline.quimint.com\/index.php\/event\/experiencias-en-biologia\/\"><img decoding=\"async\" src=\"https:\/\/libline.quimint.com\/wp-content\/uploads\/2024\/09\/Tienes-la-palabra.png\" alt=\"Libline\"><\/a><span class=\"class-fee\">3<\/span><\/div><div class=\"class-content\"><h2 class=\"class-title h4\"><a href=\"https:\/\/libline.quimint.com\/index.php\/event\/experiencias-en-biologia\/\">Tienes la Palabra<\/a><\/h2><p class=\"class-text\">\u00a1Atr\u00e9vete a hablar y a ser escuchado!<\/p><ul class=\"class-info\"><li><p>Time:<\/p><span>3 D\u00edas<\/span><\/li><li><p>Capacity:<\/p><span>1<\/span><\/li><\/ul><\/div><\/div><\/div><!-- Single Class --><\/div><\/div><div class=\"shape-mockup shapePulse d-none d-xl-block\" data-top=\"15%\" data-left=\"7%\"><img decoding=\"async\" src=\"https:\/\/wordpress.vecurosoft.com\/knirpse\/wp-content\/uploads\/2022\/01\/dog.png\" alt=\"Libline\"><\/div><div class=\"shape-mockup rotate d-none d-hd-block\" data-bottom=\"17%\" data-left=\"7%\"><img decoding=\"async\" src=\"https:\/\/wordpress.vecurosoft.com\/knirpse\/wp-content\/uploads\/2022\/01\/curve-line.png\" alt=\"Libline\"><\/div><div class=\"shape-mockup rotate z-index-negative\" data-top=\"32%\" data-right=\"9%\"><img decoding=\"async\" src=\"https:\/\/wordpress.vecurosoft.com\/knirpse\/wp-content\/uploads\/2022\/01\/star-3.png\" alt=\"Libline\"><\/div><div class=\"shape-mockup shapePulse d-none d-hd-block\" data-bottom=\"16%\" data-right=\"9%\"><img decoding=\"async\" src=\"https:\/\/wordpress.vecurosoft.com\/knirpse\/wp-content\/uploads\/2022\/01\/triangle.png\" alt=\"Libline\"><\/div><\/div><!-----------------------End Class Area----------------------->\t\t<\/div>\n\t\t\t\t<\/div>\n\t\t\t\t<div class=\"elementor-element elementor-element-66e8d19 elementor-widget elementor-widget-kundaxclasseswidget\" data-id=\"66e8d19\" data-element_type=\"widget\" data-widget_type=\"kundaxclasseswidget.default\">\n\t\t\t\t<div class=\"elementor-widget-container\">\n\t\t\t<!-----------------------Start Class Area-----------------------><div class=\"classes-section space arrow-wrap\"><div class=\"container\"><div class=\"row vs-carousel\"><!-- Single Class --><div class=\"col-lg-4 col-md-6\" data-wow-delay=\"0.2s\"><div class=\"class-card\"><div class=\"class-img\"><a href=\"https:\/\/libline.quimint.com\/index.php\/event\/lengua-y-literatura-1\/\"><img decoding=\"async\" src=\"https:\/\/libline.quimint.com\/wp-content\/uploads\/2024\/10\/Lengua-y-Literatura-1.png\" alt=\"Libline\"><\/a><span class=\"class-fee\">1<\/span><\/div><div class=\"class-content\"><h2 class=\"class-title h4\"><a href=\"https:\/\/libline.quimint.com\/index.php\/event\/lengua-y-literatura-1\/\">Lengua y Literatura 1<\/a><\/h2><p class=\"class-text\">\u00a1Descubre el fascinante mundo de las palabras y la literatura!<\/p><ul class=\"class-info\"><li><p>Time:<\/p><span>3 D\u00edas<\/span><\/li><li><p>Capacity:<\/p><span>1<\/span><\/li><\/ul><\/div><\/div><\/div><!-- Single Class --><!-- Single Class --><div class=\"col-lg-4 col-md-6\" data-wow-delay=\"0.4s\"><div class=\"class-card\"><div class=\"class-img\"><a href=\"https:\/\/libline.quimint.com\/index.php\/event\/metafora-9\/\"><img decoding=\"async\" src=\"https:\/\/libline.quimint.com\/wp-content\/uploads\/2024\/10\/Metafora-9-Castellano-y-Literatura.png\" alt=\"Libline\"><\/a><span class=\"class-fee\">2<\/span><\/div><div class=\"class-content\"><h2 class=\"class-title h4\"><a href=\"https:\/\/libline.quimint.com\/index.php\/event\/metafora-9\/\">Met\u00e1fora 9<\/a><\/h2><p class=\"class-text\">\u00a1Ad\u00e9ntrate en el poder de las palabras y explora la belleza de la literatura!<\/p><ul class=\"class-info\"><li><p>Time:<\/p><span>3 D\u00edas<\/span><\/li><li><p>Capacity:<\/p><span>1<\/span><\/li><\/ul><\/div><\/div><\/div><!-- Single Class --><!-- Single Class --><div class=\"col-lg-4 col-md-6\" data-wow-delay=\"0.6s\"><div class=\"class-card\"><div class=\"class-img\"><a href=\"https:\/\/libline.quimint.com\/index.php\/event\/antorcha-9\/\"><img decoding=\"async\" src=\"https:\/\/libline.quimint.com\/wp-content\/uploads\/2024\/10\/Antorcha-9-Comunicacion-y-Literatura.png\" alt=\"Libline\"><\/a><span class=\"class-fee\">2<\/span><\/div><div class=\"class-content\"><h2 class=\"class-title h4\"><a href=\"https:\/\/libline.quimint.com\/index.php\/event\/antorcha-9\/\">Antorcha 9<\/a><\/h2><p class=\"class-text\">\u00a1Enciende tu pasi\u00f3n por las palabras y descubre el mundo de la literatura!<\/p><ul class=\"class-info\"><li><p>Time:<\/p><span>3 D\u00edas<\/span><\/li><li><p>Capacity:<\/p><span>1<\/span><\/li><\/ul><\/div><\/div><\/div><!-- Single Class --><\/div><\/div><div class=\"shape-mockup shapePulse d-none d-xl-block\" data-top=\"15%\" data-left=\"7%\"><img decoding=\"async\" src=\"https:\/\/wordpress.vecurosoft.com\/knirpse\/wp-content\/uploads\/2022\/01\/dog.png\" alt=\"Libline\"><\/div><div class=\"shape-mockup rotate d-none d-hd-block\" data-bottom=\"17%\" data-left=\"7%\"><img decoding=\"async\" src=\"https:\/\/wordpress.vecurosoft.com\/knirpse\/wp-content\/uploads\/2022\/01\/curve-line.png\" alt=\"Libline\"><\/div><div class=\"shape-mockup rotate z-index-negative\" data-top=\"32%\" data-right=\"9%\"><img decoding=\"async\" src=\"https:\/\/wordpress.vecurosoft.com\/knirpse\/wp-content\/uploads\/2022\/01\/star-3.png\" alt=\"Libline\"><\/div><div class=\"shape-mockup shapePulse d-none d-hd-block\" data-bottom=\"16%\" data-right=\"9%\"><img decoding=\"async\" src=\"https:\/\/wordpress.vecurosoft.com\/knirpse\/wp-content\/uploads\/2022\/01\/triangle.png\" alt=\"Libline\"><\/div><\/div><!-----------------------End Class Area----------------------->\t\t<\/div>\n\t\t\t\t<\/div>\n\t\t\t\t\t<\/div>\n\t\t<\/div>\n\t\t\t\t\t<\/div>\n\t\t<\/section>\n\t\t\t\t<\/div>\n\t\t","protected":false},"excerpt":{"rendered":"<p>4 Castellano \u00a1Explora el idioma espa\u00f1ol y mejora tus habilidades ling\u00fc\u00edsticas! Time: 3 D\u00edas Capacity: 1 2 Competencias Castellano 1 \u00a1Descubre el poder de la lengua y mejora tus habilidades&#8230;<\/p>\n","protected":false},"author":1,"featured_media":4373,"parent":0,"menu_order":0,"comment_status":"closed","ping_status":"closed","template":"","meta":{"_monsterinsights_skip_tracking":false,"_monsterinsights_sitenote_active":false,"_monsterinsights_sitenote_note":"","_monsterinsights_sitenote_category":0,"_price":"","_stock":"","_tribe_ticket_header":"","_tribe_default_ticket_provider":"","_tribe_ticket_capacity":"0","_ticket_start_date":"","_ticket_end_date":"","_tribe_ticket_show_description":"","_tribe_ticket_show_not_going":false,"_tribe_ticket_use_global_stock":"","_tribe_ticket_global_stock_level":"","_global_stock_mode":"","_global_stock_cap":"","_tribe_rsvp_for_event":"","_tribe_ticket_going_count":"","_tribe_ticket_not_going_count":"","_tribe_tickets_list":"[]","_tribe_ticket_has_attendee_info_fields":false,"footnotes":""},"class_list":["post-4687","page","type-page","status-publish","has-post-thumbnail","hentry"],"aioseo_notices":[],"ticketed":false,"_links":{"self":[{"href":"https:\/\/libline.quimint.com\/index.php\/wp-json\/wp\/v2\/pages\/4687","targetHints":{"allow":["GET"]}}],"collection":[{"href":"https:\/\/libline.quimint.com\/index.php\/wp-json\/wp\/v2\/pages"}],"about":[{"href":"https:\/\/libline.quimint.com\/index.php\/wp-json\/wp\/v2\/types\/page"}],"author":[{"embeddable":true,"href":"https:\/\/libline.quimint.com\/index.php\/wp-json\/wp\/v2\/users\/1"}],"replies":[{"embeddable":true,"href":"https:\/\/libline.quimint.com\/index.php\/wp-json\/wp\/v2\/comments?post=4687"}],"version-history":[{"count":16,"href":"https:\/\/libline.quimint.com\/index.php\/wp-json\/wp\/v2\/pages\/4687\/revisions"}],"predecessor-version":[{"id":5582,"href":"https:\/\/libline.quimint.com\/index.php\/wp-json\/wp\/v2\/pages\/4687\/revisions\/5582"}],"wp:featuredmedia":[{"embeddable":true,"href":"https:\/\/libline.quimint.com\/index.php\/wp-json\/wp\/v2\/media\/4373"}],"wp:attachment":[{"href":"https:\/\/libline.quimint.com\/index.php\/wp-json\/wp\/v2\/media?parent=4687"}],"curies":[{"name":"wp","href":"https:\/\/api.w.org\/{rel}","templated":true}]}}