{"id":4903,"date":"2024-10-01T18:39:45","date_gmt":"2024-10-01T23:39:45","guid":{"rendered":"https:\/\/libline.quimint.com\/?page_id=4903"},"modified":"2024-11-03T16:43:21","modified_gmt":"2024-11-03T21:43:21","slug":"categoria-de-religion","status":"publish","type":"page","link":"https:\/\/libline.quimint.com\/index.php\/categoria-de-religion\/","title":{"rendered":"Categoria de Religion"},"content":{"rendered":"\t\t<div data-elementor-type=\"wp-page\" data-elementor-id=\"4903\" class=\"elementor elementor-4903\">\n\t\t\t\t\t\t<section class=\"elementor-section elementor-top-section elementor-element elementor-element-eabd647 elementor-section-full_width elementor-section-height-default elementor-section-height-default\" data-id=\"eabd647\" data-element_type=\"section\" data-settings=\"{&quot;background_background&quot;:&quot;classic&quot;}\">\n\t\t\t\t\t\t<div class=\"elementor-container elementor-column-gap-no\">\n\t\t\t\t\t<div class=\"elementor-column elementor-col-100 elementor-top-column elementor-element elementor-element-612b8d8\" data-id=\"612b8d8\" data-element_type=\"column\">\n\t\t\t<div class=\"elementor-widget-wrap elementor-element-populated\">\n\t\t\t\t\r\n<!--======== \/ Gallery Section ========-->\t\t<div class=\"elementor-element elementor-element-859f421 elementor-widget elementor-widget-kundaxclasseswidget\" data-id=\"859f421\" data-element_type=\"widget\" data-widget_type=\"kundaxclasseswidget.default\">\n\t\t\t\t<div class=\"elementor-widget-container\">\n\t\t\t<!-----------------------Start Class Area-----------------------><div class=\"classes-section space arrow-wrap\"><div class=\"container\"><div class=\"row vs-carousel\"><!-- Single Class --><div class=\"col-lg-4 col-md-6\" data-wow-delay=\"0.2s\"><div class=\"class-card\"><div class=\"class-img\"><a href=\"https:\/\/libline.quimint.com\/index.php\/event\/cuadernos-anabautistas-de-educacion-biblica-congregacional\/\"><img decoding=\"async\" src=\"https:\/\/libline.quimint.com\/wp-content\/uploads\/2024\/10\/Educacion-bilica-de-congregacionak.png\" alt=\"Libline\"><\/a><span class=\"class-fee\">2<\/span><\/div><div class=\"class-content\"><h2 class=\"class-title h4\"><a href=\"https:\/\/libline.quimint.com\/index.php\/event\/cuadernos-anabautistas-de-educacion-biblica-congregacional\/\">Educaci\u00f3n B\u00edblica Congregacional<\/a><\/h2><p class=\"class-text\">\u00a1Descubre el poder de la educaci\u00f3n b\u00edblica y fortalece tu fe con estos \u00fatiles cuadernos!<\/p><ul class=\"class-info\"><li><p>Time:<\/p><span>3 D\u00edas<\/span><\/li><li><p>Capacity:<\/p><span>1<\/span><\/li><\/ul><\/div><\/div><\/div><!-- Single Class --><!-- Single Class --><div class=\"col-lg-4 col-md-6\" data-wow-delay=\"0.4s\"><div class=\"class-card\"><div class=\"class-img\"><a href=\"https:\/\/libline.quimint.com\/index.php\/event\/el-nuevo-testamento-para-ninos\/\"><img decoding=\"async\" src=\"https:\/\/libline.quimint.com\/wp-content\/uploads\/2024\/09\/Elnuevo-Testamento-para-ninos.png\" alt=\"Libline\"><\/a><span class=\"class-fee\">2<\/span><\/div><div class=\"class-content\"><h2 class=\"class-title h4\"><a href=\"https:\/\/libline.quimint.com\/index.php\/event\/el-nuevo-testamento-para-ninos\/\">El Nuevo Testamento para Ni\u00f1os <\/a><\/h2><p class=\"class-text\">Descubre este libro y vive una aventura inolvidable.<\/p><ul class=\"class-info\"><li><p>Time:<\/p><span>3 D\u00edas<\/span><\/li><li><p>Capacity:<\/p><span>1<\/span><\/li><\/ul><\/div><\/div><\/div><!-- Single Class --><!-- Single Class --><div class=\"col-lg-4 col-md-6\" data-wow-delay=\"0.6s\"><div class=\"class-card\"><div class=\"class-img\"><a href=\"https:\/\/libline.quimint.com\/index.php\/event\/el-nuevo-testamento-2\/\"><img decoding=\"async\" src=\"https:\/\/libline.quimint.com\/wp-content\/uploads\/2024\/10\/El-nuevo-testamento.png\" alt=\"Libline\"><\/a><span class=\"class-fee\">2<\/span><\/div><div class=\"class-content\"><h2 class=\"class-title h4\"><a href=\"https:\/\/libline.quimint.com\/index.php\/event\/el-nuevo-testamento-2\/\">El Nuevo Testamento<\/a><\/h2><p class=\"class-text\">\u00a1Ad\u00e9ntrate en las ense\u00f1anzas de Jesucristo y descubre el mensaje transformador!<\/p><ul class=\"class-info\"><li><p>Time:<\/p><span>3 D\u00edas<\/span><\/li><li><p>Capacity:<\/p><span>1<\/span><\/li><\/ul><\/div><\/div><\/div><!-- Single Class --><\/div><\/div><div class=\"shape-mockup shapePulse d-none d-xl-block\" data-top=\"15%\" data-left=\"7%\"><img decoding=\"async\" src=\"https:\/\/wordpress.vecurosoft.com\/knirpse\/wp-content\/uploads\/2022\/01\/dog.png\" alt=\"Libline\"><\/div><div class=\"shape-mockup rotate d-none d-hd-block\" data-bottom=\"17%\" data-left=\"7%\"><img decoding=\"async\" src=\"https:\/\/wordpress.vecurosoft.com\/knirpse\/wp-content\/uploads\/2022\/01\/curve-line.png\" alt=\"Libline\"><\/div><div class=\"shape-mockup rotate z-index-negative\" data-top=\"32%\" data-right=\"9%\"><img decoding=\"async\" src=\"https:\/\/wordpress.vecurosoft.com\/knirpse\/wp-content\/uploads\/2022\/01\/star-3.png\" alt=\"Libline\"><\/div><div class=\"shape-mockup shapePulse d-none d-hd-block\" data-bottom=\"16%\" data-right=\"9%\"><img decoding=\"async\" src=\"https:\/\/wordpress.vecurosoft.com\/knirpse\/wp-content\/uploads\/2022\/01\/triangle.png\" alt=\"Libline\"><\/div><\/div><!-----------------------End Class Area----------------------->\t\t<\/div>\n\t\t\t\t<\/div>\n\t\t\t\t\t<\/div>\n\t\t<\/div>\n\t\t\t\t\t<\/div>\n\t\t<\/section>\n\t\t\t\t<section class=\"elementor-section elementor-top-section elementor-element elementor-element-3fdd1af elementor-section-full_width elementor-section-height-default elementor-section-height-default\" data-id=\"3fdd1af\" data-element_type=\"section\" data-settings=\"{&quot;background_background&quot;:&quot;classic&quot;}\">\n\t\t\t\t\t\t<div class=\"elementor-container elementor-column-gap-no\">\n\t\t\t\t\t<div class=\"elementor-column elementor-col-100 elementor-top-column elementor-element elementor-element-c6e59cf\" data-id=\"c6e59cf\" data-element_type=\"column\">\n\t\t\t<div class=\"elementor-widget-wrap elementor-element-populated\">\n\t\t\t\t\t\t<div class=\"elementor-element elementor-element-799b630 elementor-widget elementor-widget-kundaxclasseswidget\" data-id=\"799b630\" data-element_type=\"widget\" data-widget_type=\"kundaxclasseswidget.default\">\n\t\t\t\t<div class=\"elementor-widget-container\">\n\t\t\t<!-----------------------Start Class Area-----------------------><div class=\"classes-section space arrow-wrap\"><div class=\"container\"><div class=\"row vs-carousel\"><!-- Single Class --><div class=\"col-lg-4 col-md-6\" data-wow-delay=\"0.2s\"><div class=\"class-card\"><div class=\"class-img\"><a href=\"https:\/\/libline.quimint.com\/index.php\/event\/el-poder-de-la-fe\/\"><img decoding=\"async\" src=\"https:\/\/libline.quimint.com\/wp-content\/uploads\/2024\/10\/El-poder-de-la-fe.png\" alt=\"Libline\"><\/a><span class=\"class-fee\">2<\/span><\/div><div class=\"class-content\"><h2 class=\"class-title h4\"><a href=\"https:\/\/libline.quimint.com\/index.php\/event\/el-poder-de-la-fe\/\">El Poder de la Fe<\/a><\/h2><p class=\"class-text\">\u00a1Descubre c\u00f3mo la fe puede cambiar tu vida y llevarte a alcanzar lo inimaginable!<\/p><ul class=\"class-info\"><li><p>Time:<\/p><span>3 D\u00edas<\/span><\/li><li><p>Capacity:<\/p><span>1<\/span><\/li><\/ul><\/div><\/div><\/div><!-- Single Class --><!-- Single Class --><div class=\"col-lg-4 col-md-6\" data-wow-delay=\"0.4s\"><div class=\"class-card\"><div class=\"class-img\"><a href=\"https:\/\/libline.quimint.com\/index.php\/event\/mi-mejor-amigo\/\"><img decoding=\"async\" src=\"https:\/\/libline.quimint.com\/wp-content\/uploads\/2024\/10\/Mi-mejor-Amigo.png\" alt=\"Libline\"><\/a><span class=\"class-fee\">3<\/span><\/div><div class=\"class-content\"><h2 class=\"class-title h4\"><a href=\"https:\/\/libline.quimint.com\/index.php\/event\/mi-mejor-amigo\/\">Mi Mejor Amigo<\/a><\/h2><p class=\"class-text\">Sumergete en una relacion mas profunda con el Espiritu Santo<\/p><ul class=\"class-info\"><li><p>Time:<\/p><span>3 D\u00edas<\/span><\/li><li><p>Capacity:<\/p><span>1<\/span><\/li><\/ul><\/div><\/div><\/div><!-- Single Class --><!-- Single Class --><div class=\"col-lg-4 col-md-6\" data-wow-delay=\"0.6s\"><div class=\"class-card\"><div class=\"class-img\"><a href=\"https:\/\/libline.quimint.com\/index.php\/event\/noe-el-plan-de-rescate\/\"><img decoding=\"async\" src=\"https:\/\/libline.quimint.com\/wp-content\/uploads\/2024\/10\/NOe-el-plan-de-rescate.png\" alt=\"Libline\"><\/a><span class=\"class-fee\">2<\/span><\/div><div class=\"class-content\"><h2 class=\"class-title h4\"><a href=\"https:\/\/libline.quimint.com\/index.php\/event\/noe-el-plan-de-rescate\/\">No\u00e9: El Plan de Rescate<\/a><\/h2><p class=\"class-text\">\u00a1Emb\u00e1rcate en esta aventura de fe y descubre el plan de rescate de Dios para No\u00e9 y su familia!<\/p><ul class=\"class-info\"><li><p>Time:<\/p><span>3 D\u00edas<\/span><\/li><li><p>Capacity:<\/p><span>1<\/span><\/li><\/ul><\/div><\/div><\/div><!-- Single Class --><\/div><\/div><div class=\"shape-mockup shapePulse d-none d-xl-block\" data-top=\"15%\" data-left=\"7%\"><img decoding=\"async\" src=\"https:\/\/wordpress.vecurosoft.com\/knirpse\/wp-content\/uploads\/2022\/01\/dog.png\" alt=\"Libline\"><\/div><div class=\"shape-mockup rotate d-none d-hd-block\" data-bottom=\"17%\" data-left=\"7%\"><img decoding=\"async\" src=\"https:\/\/wordpress.vecurosoft.com\/knirpse\/wp-content\/uploads\/2022\/01\/curve-line.png\" alt=\"Libline\"><\/div><div class=\"shape-mockup rotate z-index-negative\" data-top=\"32%\" data-right=\"9%\"><img decoding=\"async\" src=\"https:\/\/wordpress.vecurosoft.com\/knirpse\/wp-content\/uploads\/2022\/01\/star-3.png\" alt=\"Libline\"><\/div><div class=\"shape-mockup shapePulse d-none d-hd-block\" data-bottom=\"16%\" data-right=\"9%\"><img decoding=\"async\" src=\"https:\/\/wordpress.vecurosoft.com\/knirpse\/wp-content\/uploads\/2022\/01\/triangle.png\" alt=\"Libline\"><\/div><\/div><!-----------------------End Class Area----------------------->\t\t<\/div>\n\t\t\t\t<\/div>\n\t\t\t\t\t<\/div>\n\t\t<\/div>\n\t\t\t\t\t<\/div>\n\t\t<\/section>\n\t\t\t\t<section class=\"elementor-section elementor-top-section elementor-element elementor-element-4b882cf elementor-section-full_width elementor-section-height-default elementor-section-height-default\" data-id=\"4b882cf\" data-element_type=\"section\" data-settings=\"{&quot;background_background&quot;:&quot;classic&quot;}\">\n\t\t\t\t\t\t<div class=\"elementor-container elementor-column-gap-no\">\n\t\t\t\t\t<div class=\"elementor-column elementor-col-100 elementor-top-column elementor-element elementor-element-4329645\" data-id=\"4329645\" data-element_type=\"column\">\n\t\t\t<div class=\"elementor-widget-wrap elementor-element-populated\">\n\t\t\t\t\t\t<div class=\"elementor-element elementor-element-0afffe0 elementor-widget elementor-widget-kundaxclasseswidget\" data-id=\"0afffe0\" data-element_type=\"widget\" data-widget_type=\"kundaxclasseswidget.default\">\n\t\t\t\t<div class=\"elementor-widget-container\">\n\t\t\t<!-----------------------Start Class Area-----------------------><div class=\"classes-section space arrow-wrap\"><div class=\"container\"><div class=\"row vs-carousel\"><!-- Single Class --><div class=\"col-lg-4 col-md-6\" data-wow-delay=\"0.2s\"><div class=\"class-card\"><div class=\"class-img\"><a href=\"https:\/\/libline.quimint.com\/index.php\/event\/somos-justicia-de-dios\/\"><img decoding=\"async\" src=\"https:\/\/libline.quimint.com\/wp-content\/uploads\/2024\/10\/Somos-justicia-de-Dios.png\" alt=\"Libline\"><\/a><span class=\"class-fee\">2<\/span><\/div><div class=\"class-content\"><h2 class=\"class-title h4\"><a href=\"https:\/\/libline.quimint.com\/index.php\/event\/somos-justicia-de-dios\/\">Somos Justicia de Dios<\/a><\/h2><p class=\"class-text\">Conoce este libro y deja que la aventura te atrape desde el principio.<\/p><ul class=\"class-info\"><li><p>Time:<\/p><span>3 D\u00edas<\/span><\/li><li><p>Capacity:<\/p><span>1<\/span><\/li><\/ul><\/div><\/div><\/div><!-- Single Class --><!-- Single Class --><div class=\"col-lg-4 col-md-6\" data-wow-delay=\"0.4s\"><div class=\"class-card\"><div class=\"class-img\"><a href=\"https:\/\/libline.quimint.com\/index.php\/event\/tiempo-con-dios-es-vida-7\/\"><img decoding=\"async\" src=\"https:\/\/libline.quimint.com\/wp-content\/uploads\/2024\/10\/Tiempo-con-Dios-es-vida-7.png\" alt=\"Libline\"><\/a><span class=\"class-fee\">2<\/span><\/div><div class=\"class-content\"><h2 class=\"class-title h4\"><a href=\"https:\/\/libline.quimint.com\/index.php\/event\/tiempo-con-dios-es-vida-7\/\">Tiempo con Dios es Vida 7<\/a><\/h2><p class=\"class-text\">\u00a1Dedica cada d\u00eda a Dios y descubre c\u00f3mo Su presencia transforma tu vida!<\/p><ul class=\"class-info\"><li><p>Time:<\/p><span>3 D\u00edas<\/span><\/li><li><p>Capacity:<\/p><span>1<\/span><\/li><\/ul><\/div><\/div><\/div><!-- Single Class --><!-- Single Class --><div class=\"col-lg-4 col-md-6\" data-wow-delay=\"0.6s\"><div class=\"class-card\"><div class=\"class-img\"><a href=\"https:\/\/libline.quimint.com\/index.php\/event\/cuando-me-arrodillo-en-tu-presencia\/\"><img decoding=\"async\" src=\"https:\/\/libline.quimint.com\/wp-content\/uploads\/2024\/10\/Cuando-me-arrodillo-en-tu-presencia.png\" alt=\"Libline\"><\/a><span class=\"class-fee\">2<\/span><\/div><div class=\"class-content\"><h2 class=\"class-title h4\"><a href=\"https:\/\/libline.quimint.com\/index.php\/event\/cuando-me-arrodillo-en-tu-presencia\/\">Cuando me Arrodillo en Tu Presencia<\/a><\/h2><p class=\"class-text\">Descubre este libro y d\u00e9jate llevar por mundos fascinantes.<\/p><ul class=\"class-info\"><li><p>Time:<\/p><span>3 D\u00edas<\/span><\/li><li><p>Capacity:<\/p><span>1<\/span><\/li><\/ul><\/div><\/div><\/div><!-- Single Class --><\/div><\/div><div class=\"shape-mockup shapePulse d-none d-xl-block\" data-top=\"15%\" data-left=\"7%\"><img decoding=\"async\" src=\"https:\/\/wordpress.vecurosoft.com\/knirpse\/wp-content\/uploads\/2022\/01\/dog.png\" alt=\"Libline\"><\/div><div class=\"shape-mockup rotate d-none d-hd-block\" data-bottom=\"17%\" data-left=\"7%\"><img decoding=\"async\" src=\"https:\/\/wordpress.vecurosoft.com\/knirpse\/wp-content\/uploads\/2022\/01\/curve-line.png\" alt=\"Libline\"><\/div><div class=\"shape-mockup rotate z-index-negative\" data-top=\"32%\" data-right=\"9%\"><img decoding=\"async\" src=\"https:\/\/wordpress.vecurosoft.com\/knirpse\/wp-content\/uploads\/2022\/01\/star-3.png\" alt=\"Libline\"><\/div><div class=\"shape-mockup shapePulse d-none d-hd-block\" data-bottom=\"16%\" data-right=\"9%\"><img decoding=\"async\" src=\"https:\/\/wordpress.vecurosoft.com\/knirpse\/wp-content\/uploads\/2022\/01\/triangle.png\" alt=\"Libline\"><\/div><\/div><!-----------------------End Class Area----------------------->\t\t<\/div>\n\t\t\t\t<\/div>\n\t\t\t\t<div class=\"elementor-element elementor-element-22d4ca9 elementor-widget elementor-widget-kundaxclasseswidget\" data-id=\"22d4ca9\" data-element_type=\"widget\" data-widget_type=\"kundaxclasseswidget.default\">\n\t\t\t\t<div class=\"elementor-widget-container\">\n\t\t\t<!-----------------------Start Class Area-----------------------><div class=\"classes-section space arrow-wrap\"><div class=\"container\"><div class=\"row vs-carousel\"><!-- Single Class --><div class=\"col-lg-4 col-md-6\" data-wow-delay=\"0.2s\"><div class=\"class-card\"><div class=\"class-img\"><a href=\"https:\/\/libline.quimint.com\/index.php\/event\/el-camino-hacia-dios\/\"><img decoding=\"async\" src=\"https:\/\/libline.quimint.com\/wp-content\/uploads\/2024\/10\/El-Camino-hacia-DIOS.png\" alt=\"Libline\"><\/a><span class=\"class-fee\">2<\/span><\/div><div class=\"class-content\"><h2 class=\"class-title h4\"><a href=\"https:\/\/libline.quimint.com\/index.php\/event\/el-camino-hacia-dios\/\">El Camino hacia Dios<\/a><\/h2><p class=\"class-text\">\u00a1Emprende el viaje hacia una vida transformada y llena de prop\u00f3sito en Dios!<\/p><ul class=\"class-info\"><li><p>Time:<\/p><span>3 D\u00edas<\/span><\/li><li><p>Capacity:<\/p><span>1<\/span><\/li><\/ul><\/div><\/div><\/div><!-- Single Class --><!-- Single Class --><div class=\"col-lg-4 col-md-6\" data-wow-delay=\"0.4s\"><div class=\"class-card\"><div class=\"class-img\"><a href=\"https:\/\/libline.quimint.com\/index.php\/event\/sabiduria-de-dios\/\"><img decoding=\"async\" src=\"https:\/\/libline.quimint.com\/wp-content\/uploads\/2024\/10\/Sabiduria-de-DIOS-para-cada-una-de-tus-necesidades.png\" alt=\"Libline\"><\/a><span class=\"class-fee\">2<\/span><\/div><div class=\"class-content\"><h2 class=\"class-title h4\"><a href=\"https:\/\/libline.quimint.com\/index.php\/event\/sabiduria-de-dios\/\">Sabidur\u00eda de Dios<\/a><\/h2><p class=\"class-text\">\u00a1Dedica cada d\u00eda a Dios y descubre c\u00f3mo Su presencia transforma tu vida!<\/p><ul class=\"class-info\"><li><p>Time:<\/p><span>3 D\u00edas<\/span><\/li><li><p>Capacity:<\/p><span>1<\/span><\/li><\/ul><\/div><\/div><\/div><!-- Single Class --><!-- Single Class --><div class=\"col-lg-4 col-md-6\" data-wow-delay=\"0.6s\"><div class=\"class-card\"><div class=\"class-img\"><a href=\"https:\/\/libline.quimint.com\/index.php\/event\/cuando-me-arrodillo-en-tu-presencia\/\"><img decoding=\"async\" src=\"https:\/\/libline.quimint.com\/wp-content\/uploads\/2024\/10\/Cuando-me-arrodillo-en-tu-presencia.png\" alt=\"Libline\"><\/a><span class=\"class-fee\">2<\/span><\/div><div class=\"class-content\"><h2 class=\"class-title h4\"><a href=\"https:\/\/libline.quimint.com\/index.php\/event\/cuando-me-arrodillo-en-tu-presencia\/\">Cuando me Arrodillo en Tu Presencia<\/a><\/h2><p class=\"class-text\">Descubre este libro y d\u00e9jate llevar por mundos fascinantes.<\/p><ul class=\"class-info\"><li><p>Time:<\/p><span>3 D\u00edas<\/span><\/li><li><p>Capacity:<\/p><span>1<\/span><\/li><\/ul><\/div><\/div><\/div><!-- Single Class --><\/div><\/div><div class=\"shape-mockup shapePulse d-none d-xl-block\" data-top=\"15%\" data-left=\"7%\"><img decoding=\"async\" src=\"https:\/\/wordpress.vecurosoft.com\/knirpse\/wp-content\/uploads\/2022\/01\/dog.png\" alt=\"Libline\"><\/div><div class=\"shape-mockup rotate d-none d-hd-block\" data-bottom=\"17%\" data-left=\"7%\"><img decoding=\"async\" src=\"https:\/\/wordpress.vecurosoft.com\/knirpse\/wp-content\/uploads\/2022\/01\/curve-line.png\" alt=\"Libline\"><\/div><div class=\"shape-mockup rotate z-index-negative\" data-top=\"32%\" data-right=\"9%\"><img decoding=\"async\" src=\"https:\/\/wordpress.vecurosoft.com\/knirpse\/wp-content\/uploads\/2022\/01\/star-3.png\" alt=\"Libline\"><\/div><div class=\"shape-mockup shapePulse d-none d-hd-block\" data-bottom=\"16%\" data-right=\"9%\"><img decoding=\"async\" src=\"https:\/\/wordpress.vecurosoft.com\/knirpse\/wp-content\/uploads\/2022\/01\/triangle.png\" alt=\"Libline\"><\/div><\/div><!-----------------------End Class Area----------------------->\t\t<\/div>\n\t\t\t\t<\/div>\n\t\t\t\t\t<\/div>\n\t\t<\/div>\n\t\t\t\t\t<\/div>\n\t\t<\/section>\n\t\t\t\t<\/div>\n\t\t","protected":false},"excerpt":{"rendered":"<p>2 Educaci\u00f3n B\u00edblica Congregacional \u00a1Descubre el poder de la educaci\u00f3n b\u00edblica y fortalece tu fe con estos \u00fatiles cuadernos! Time: 3 D\u00edas Capacity: 1 2 El Nuevo Testamento para Ni\u00f1os&#8230;<\/p>\n","protected":false},"author":1,"featured_media":4373,"parent":0,"menu_order":0,"comment_status":"closed","ping_status":"closed","template":"","meta":{"_monsterinsights_skip_tracking":false,"_monsterinsights_sitenote_active":false,"_monsterinsights_sitenote_note":"","_monsterinsights_sitenote_category":0,"_price":"","_stock":"","_tribe_ticket_header":"","_tribe_default_ticket_provider":"","_tribe_ticket_capacity":"0","_ticket_start_date":"","_ticket_end_date":"","_tribe_ticket_show_description":"","_tribe_ticket_show_not_going":false,"_tribe_ticket_use_global_stock":"","_tribe_ticket_global_stock_level":"","_global_stock_mode":"","_global_stock_cap":"","_tribe_rsvp_for_event":"","_tribe_ticket_going_count":"","_tribe_ticket_not_going_count":"","_tribe_tickets_list":"[]","_tribe_ticket_has_attendee_info_fields":false,"footnotes":""},"class_list":["post-4903","page","type-page","status-publish","has-post-thumbnail","hentry"],"aioseo_notices":[],"ticketed":false,"_links":{"self":[{"href":"https:\/\/libline.quimint.com\/index.php\/wp-json\/wp\/v2\/pages\/4903","targetHints":{"allow":["GET"]}}],"collection":[{"href":"https:\/\/libline.quimint.com\/index.php\/wp-json\/wp\/v2\/pages"}],"about":[{"href":"https:\/\/libline.quimint.com\/index.php\/wp-json\/wp\/v2\/types\/page"}],"author":[{"embeddable":true,"href":"https:\/\/libline.quimint.com\/index.php\/wp-json\/wp\/v2\/users\/1"}],"replies":[{"embeddable":true,"href":"https:\/\/libline.quimint.com\/index.php\/wp-json\/wp\/v2\/comments?post=4903"}],"version-history":[{"count":19,"href":"https:\/\/libline.quimint.com\/index.php\/wp-json\/wp\/v2\/pages\/4903\/revisions"}],"predecessor-version":[{"id":5626,"href":"https:\/\/libline.quimint.com\/index.php\/wp-json\/wp\/v2\/pages\/4903\/revisions\/5626"}],"wp:featuredmedia":[{"embeddable":true,"href":"https:\/\/libline.quimint.com\/index.php\/wp-json\/wp\/v2\/media\/4373"}],"wp:attachment":[{"href":"https:\/\/libline.quimint.com\/index.php\/wp-json\/wp\/v2\/media?parent=4903"}],"curies":[{"name":"wp","href":"https:\/\/api.w.org\/{rel}","templated":true}]}}